7?
0
What is the hundred millions digit of 233644742?
2
What is the units digit of 18688653?
3
What is the ten millions digit of 934818326?
3
What is the millions digit of 125443628?
5
What is the hundred millions digit of 4475157753?
4
What is the units digit of 24059506?
6
What is the hundred millions digit of 1071690384?
0
What is the ten thousands digit of 3020327994?
2
What is the ten thousands digit of 192060986?
6
What is the hundred thousands digit of 33707775?
7
What is the hundreds digit of 1870648446?
4
What is the hundreds digit of 1546344970?
9
What is the hundred thousands digit of 65268784?
2
What is the millions digit of 237152567?
7
What is the units digit of 64851399?
9
What is the thousands digit of 2333416043?
6
What is the tens digit of 5797879?
7
What is the ten millions digit of 902589574?
0
What is the hundreds digit of 58698837?
8
What is the millions digit of 256159770?
6
What is the hundreds digit of 251586807?
8
What is the units digit of 45520073?
3
What is the hundred thousands digit of 11255899?
2
What is the hundred millions digit of 1008605185?
0
What is the millions digit of 7072085?
7
What is the tens digit of 677536207?
0
What is the hundreds digit of 3139227118?
1
What is the hundreds digit of 909132398?
3
What is the ten millions digit of 692483859?
9
What is the thousands digit of 183724895?
4
What is the hundreds digit of 2582429371?
3
What is the millions digit of 134750819?
4
What is the ten millions digit of 182404104?
8
What is the ten thousands digit of 604621367?
2
What is the units digit of 56269534?
4
What is the thousands digit of 205874?
5
What is the millions digit of 1207770868?
7
What is the thousands digit of 2052199419?
9
What is the units digit of 79873256?
6
What is the ten millions digit of 734439375?
3
What is the thousands digit of 88601605?
1
What is the tens digit of 857513187?
8
What is the millions digit of 848024733?
8
What is the hundreds digit of 6027712019?
0
What is the units digit of 2002100342?
2
What is the hundreds digit of 55871900?
9
What is the hundreds digit of 1916795639?
6
What is the hundred millions digit of 111139835?
1
What is the tens digit of 88077627?
2
What is the hundred millions digit of 247120158?
2
What is the units digit of 433386470?
0
What is the tens digit of 616188691?
9
What is the millions digit of 1908048637?
8
What is the hundreds digit of 5565500983?
9
What is the ten millions digit of 1053946964?
5
What is the ten thousands digit of 1936546414?
4
What is the tens digit of 3477682318?
1
What is the hundreds digit of 82003807?
8
What is the ten millions digit of 20914239?
2
What is the tens digit of 76466875?
7
What is the hundreds digit of 87333845?
8
What is the millions digit of 207070810?
7
What is the ten thousands digit of 124382711?
8
What is the millions digit of 21530308?
1
What is the ten millions digit of 554097518?
5
What is the ten thousands digit of 150893508?
9
What is the units digit of 507263277?
7
What is the ten thousands digit of 2079176033?
7
What is the tens digit of 586043603?
0
What is the millions digit of 10761626?
0
What is the millions digit of 3934515?
3
What is the millions digit of 231282198?
1
What is the hundreds digit of 31523608?
6
What is the tens digit of 1127568494?
9
What is the ten millions digit of 135775552?
3
What is the ten thousands digit of 5199537009?
3
What is the hundreds digit of 6172273748?
7
What is the tens digit of 3779263?
6
What is the hundred millions digit of 464324732?
4
What is the hundreds digit of 12896004?
0
What is the hundreds digit of 137045820?
8
What is the hundreds digit of 45623972?
9
What is the hundred millions digit of 2040266484?
0
What is the tens digit of 5421437373?
7
What is the hundreds digit of 103186399?
3
What is the tens digit of 1253572766?
6
What is the hundred thousands digit of 843594601?
5
What is the ten thousands digit of 398813746?
1
What is the hundreds digit of 18974098?
0
What is the tens digit of 1374406655?
5
What is the tens digit of 4484196?
9
What is the hundred thousands digit of 1627716838?
7
What is the hundred thousands digit of 418600773?
6
What is the hundreds digit of 1379505876?
8
What is the millions digit of 3611101965?
1
What is the hundred thousands digit of 783675?
7
What is the ten millions digit of 29117562?
2
What is the hundreds digit of 76512111?
1
What is the millions digit of 580616001?
0
What is the thousands digit of 17227305?
7
What is the ten millions digit of 136737103?
3
What is the hundred thousands digit of 1172299025?
2
What is the units digit of 2552384336?
6
What is the thousands digit of 7654777?
4
What is the hundred thousands digit of 313184258?
1
What is the millions digit of 3954243585?
4
What is the thousands digit of 1414425154?
5
What is the thousands digit of 14377433?
7
What is the ten thousands digit of 184755621?
5
What is the hundreds digit of 44571121?
1
What is the hundreds digit of 135923957?
9
What is the ten thousands digit of 1083520096?
2
What is the ten millions digit of 91312502?
9
What is the tens digit of 19706671?
7
What is the hundred millions digit of 4042320612?
0
What is the ten millions digit of 589812758?
8
What is the ten thousands digit of 58801161?
0
What is the hundreds digit of 91263565?
5
What is the millions digit of 21182123?
1
What is the hundred millions digit of 170840141?
1
What is the ten thousands digit of 4635751010?
5
What is the millions digit of 42656239?
2
What is the millions digit of 231608434?
1
What is the millions digit of 6287153098?
7
What is the ten thousands digit of 238571645?
7
What is the hundreds digit of 66657248?
2
What is the billions digit of 2649691545?
2
What is the ten thousands digit of 2478474762?
7
What is the thousands digit of 327538136?
8
What is the millions digit of 4127321117?
7
What is the thousands digit of 165559943?
9
What is the hundred millions digit of 2783759089?
7
What is the tens digit of 279203565?
6
What is the ten thousands digit of 73389621?
8
What is the hundreds digit of 246680726?
7
What is the hundreds digit of 35315911?
9
What is the thousands digit of 19572419?
2
What is the hundred thousands digit of 257283597?
2
What is the hundreds digit of 92738612?
6
What is the hundreds digit of 55775466?
4
What is the millions digit of 42327660?
2
What is the hundred millions digit of 196933117?
1
What is the hundreds digit of 223927917?
9
What is the hundred millions digit of 2651404319?
6
What is the hundred thousands digit of 73511561?
5
What is the hundreds digit of 4257784294?
2
What is the ten millions digit of 1261946659?
6
What is the hundred millions digit of 5327420138?
3
What is the millions digit of 50806408?
0
What is the hundreds digit of 494620000?
0
What is the thousands digit of 1005352816?
2
What is the hundred thousands digit of 214260433?
2
What is the hundreds digit of 102524883?
8
What is the units digit of 3518133128?
8
What is the hundred thousands digit of 1959022801?
0
What is the thousands digit of 174538044?
8
What is the tens digit of 331033617?
1
What is the units digit of 223211771?
1
What is the ten millions digit of 204517678?
0
What is the units digit of 462399584?
4
What is the hundred thousands digit of 119005462?
0
What is the millions digit of 2805796698?
5
What is the tens digit of 10625362?
6
What is the hundred thousands digit of 16099861?
0
What is the billions digit of 6984331349?
6
What is the hundred thousands digit of 723631929?
6
What is the units digit of 40020855?
5
What is the tens digit of 1869578027?
2
What is the tens digit of 1254021093?
9
What is the hundred thousands digit of 112289597?
2
What is the millions digit of 9661127?
9
What is the units digit of 172608281?
1
What is the ten thousands digit of 78886643?
8
What is the thousands digit of 1424994196?
4
What is the hundred thousands digit of 642664269?
6
What is the tens digit of 25511931?
3
What is the thousands digit of 49629081?
9
What is the ten millions digit of 654299945?
5
What is the hundred thousands digit of 59004202?
0
What is the tens digit of 1810540303?
0
What is the hundreds digit of 1056013?
0
What is the hundred millions digit of 1460492783?
4
What is the ten millions digit of 39790132?
3
What is th